 8*x. List the prime factors of y(6).
101
Suppose -5*h + 68 = -x, -2*h - 3*h + 80 = 5*x. Let c = h - -13. List the prime factors of c.
3
List the prime factors of 8248/7 + (-22)/(-385)*-5.
2, 19, 31
Let m(h) = -h**2 + 16*h - 13. Let a be m(15). Suppose a*w - 4*w = -300. Let f = w + -85. List the prime factors of f.
5, 13
What are the prime factors of (-8)/(-14) + (-255208)/(-266)?
2, 3, 5
Suppose 2*c - 8 = 4*c. Let d = c - -15. What are the prime factors of 1/(2/6) + d?
2, 7
Suppose -p + h - 23 = -3*p, 0 = 5*p + 3*h - 59. Let x be 44/p + 2/(-5). Let u(t) = t**3 - 2*t**2 - 3*t + 1. List the prime factors of u(x).
3, 7
Let w(q) be the third derivative of 2*q**2 - 1/120*q**6 + 0 - 11/24*q**4 + 0*q + 11/60*q**5 - 11/6*q**3. List the prime factors of w(9).
2, 13
Suppose 3*g - 5*z - 75 = 0, -2*g + 21 = -g - 3*z. Suppose -h = 4*x - g, 11 = 4*h + 4*x - 109. List the prime factors of h.
2, 3, 5
Let b(p) = 1590*p**2 + 2. List the prime factors of b(-1).
2, 199
Suppose 10248 = 4*s + 2*d, 7704 = 3*s - 12*d + 9*d. What are the prime factors of s?
2, 641
List the prime factors of 319 + 1*(0 + -6).
313
Suppose -5*w = t - 385, 3*w - 2*t - 136 = 95. Let d = w - 23. Suppose -n + 3*n - d = 0. What are the prime factors of n?
3
Let q be (-4)/20 - (-122)/10. Suppose -5*a = -3 - q. List the prime factors of (1 - -23) + 3/a.
5
Suppose 5*m - 3*m + 4*a - 8396 = 0, 5*m - 4*a - 21032 = 0. What are the prime factors of m?
2, 1051
Let q = -125 - -125. Suppose -o + q*o - g = -214, -4*g = -3*o + 656. List the prime factors of o.
2, 3
Suppose y + 0*y = -3*g + 6, -y = 4*g - 8. Suppose -b = -5*a + 13, -a + 13 = g*b + 3*b. Suppose -61 = -b*o + 3. What are the prime factors of o?
2
Let u = -5361 - -7565. What are the prime factors of u?
2, 19, 29
Let y(r) = -2*r**3 + 3*r**2 + r - 5. Let c be (-2 - -5) + 0/(-5). Let a be y(c). Let v = -13 - a. What are the prime factors of v?
2
Let k = -3079 - -5921. List the prime factors of k.
2, 7, 29
Let f be (-2)/5 - ((-3632)/(-20))/(-4). Suppose -2*y + 135 = -f. List the prime factors of y.
2, 3, 5
Let w(f) = -2*f + 48. Let r be w(22). Suppose 5*d - 5*m - 55 = 0, -d + r*d - 35 = m. List the prime factors of d.
2, 3
Let b(m) = -m - 6. Let v be b(-9). Suppose 5*n - 256 = -v*l, n + 0*n - 5*l = 68. List the prime factors of n.
53
Suppose 0 = 4*w - 2*w + 4*q - 102, 0 = -3*q + 9. Suppose -x - w = -4*x. Suppose -x + 2 = -s. List the prime factors of s.
13
Let k(a) = -2*a**2 + 6*a - 1. Let w be k(8). List the prime factors of (-24)/36*w*1.
2, 3
Suppose -4*a - x + 2131 = a, 834 = 2*a + 5*x. List the prime factors of a.
7, 61
Suppose 75*d - 88*d + 9295 = 0. What are the prime factors of d?
5, 11, 13
Let k be (-245)/(-1)*(-9)/(-9). Suppose 2*d - 12 = -d, -5*d = 5*t - k. Suppose 5*i = 10 + t. What are the prime factors of i?
11
Suppose -9*z - 3435 = -14*z + p, -698 = -z - 2*p. What are the prime factors of z?
2, 43
Let c be ((-3)/(-6))/(5/70). Let a be ((-6)/(-10))/(c/70). Suppose -1 = -a*n + 17. What are the prime factors of n?
3
Let m be -1 + 1 + -1 - -4. Let w be (-8)/6*1539/(-108). Suppose -u + w = m. List the prime factors of u.
2
Suppose 0*f - 2*f = -2536. Suppose -5*m + f = 78. What are the prime factors of m/(-51)*30/(-4)?
5, 7
Let o be (-1)/6 - 2718/(-108). Let f = 6 + o. List the prime factors of f.
31
List the prime factors of (-8 - 70 - -11)*(-1 - 1).
2, 67
Let g = -200 + 565. List the prime factors of g.
5, 73
List the prime factors of (32416/(-8))/(-4) - 7.
2, 503
Let t = 1510 - 906. List the prime factors of t.
2, 151
Let d(p) = p**3 + 2*p**2 - 4. Let q be d(-3). Let g = -10 - q. Suppose g*w = 5*k + 92, 2*k - 20 = -w + k. What are the prime factors of w?
2, 3
Suppose 2*h + 4*s - 6 = 0, -4*h + 7*s + 24 = 3*s. Suppose -4*a - 67 = -5*f - 310, 0 = h*a - 5*f - 310. What are the prime factors of a?
67
Let m = 64 - 69. Suppose 10*u = 5*u - 500. What are the prime factors of (u/m)/5 - -41?
3, 5
Suppose 0 = -4*l - 3 + 19. Let h be (0 - 1)/1 - -3. Suppose 4 = h*j - l. List the prime factors of j.
2
Let w = -96 - -587. What are the prime factors of w?
491
Suppose -35 = -3*d - 2*s + 7*s, d - 1 = -s. Suppose 6*z + d*i + 119 = 8*z, 165 = 3*z - 3*i. List the prime factors of z.
2, 13
Let o = -246 - -1441. What are the prime factors of o?
5, 239
Let d(y) = 4*y**2 + 4*y - 3. Let o be (-4)/(3/5 + 5/75). What are the prime factors of d(o)?
3, 13
List the prime factors of (-13707)/48*-4 - 10/8.
7, 163
Suppose -19*i + 21*i = 450. List the prime factors of i.
3, 5
Suppose -3*o + 6 = 0, -x - 6 = -4*x + 3*o. Let j(g) = 23*g - 26. What are the prime factors of j(x)?
2, 3, 11
Suppose 0 = 13*k - 14900 - 10203. What are the prime factors of k?
1931
Suppose 5*y - 5*b = -25, 0*y - 3*y - 9 = 3*b. List the prime factors of -2*-3*(-14)/y.
3, 7
Let t = 0 + 10. Let u = t - -44. What are the prime factors of u?
2, 3
Suppose -5*l + 5*f + 1760 = 4*f, 4*l + 5*f - 1437 = 0. List the prime factors of l.
353
Suppose 3*v + 14*v - 2839 = 0. What are the prime factors of v?
167
Let j = 100 + -96. What are the prime factors of (-47)/(-5) + j/(-10)?
3
Suppose -5*u + 210 = -6*u. Let y = -146 - u. What are the prime factors of y?
2
Suppose k - 3 = -2, -5*w + 18 = 3*k. Suppose -465 = -4*l - 3*a, -a + w*a = -10. What are the prime factors of l?
2, 3, 5
Suppose 3*q - 246 = 2*j, -q - 4*q - 2*j + 394 = 0. Let n = -28 + q. List the prime factors of n.
2, 13
List the prime factors of 42*-19*(200/15)/(-10).
2, 7, 19
Let t(h) = 4*h**2 - 7*h + 15. Suppose 0 = 7*u - 47 + 12. What are the prime factors of t(u)?
2, 5
Let o(z) = 2*z**2 - 7*z. Let m be o(4). Suppose -420 = -j - m*j. List the prime factors of j.
2, 3, 7
What are the prime factors of (-8 + 9)/(1/50)?
2, 5
What are the prime factors of -1 - 17/(34/(-1272))?
5, 127
Let g(b) = b**2 + 14*b - 14. Let f be g(-20). Let y = f - -48. List the prime factors of y.
2, 7, 11
Let t(f) = 3*f**3 - 6*f**2 + 10*f - 36. What are the prime factors of t(8)?
2, 13, 23
Let s = 632 - 263. What are the prime factors of s?
3, 41
Let z = 3 + -1. Suppose -z*x = -7*x + q + 987, -3*q = 4*x - 801. List the prime factors of 5/25 + x/10.
2, 5
Suppose 5 = -6*x + x. What are the prime factors of (x + (-3)/(-9))/((-7)/21)?
2
Suppose 22*f = -0*f + 27764. What are the prime factors of f?
2, 631
Suppose 2*i = 3*j + 27, -3*i - 4*j + 0*j + 15 = 0. Let h be i/1 - 2/2. Suppose -4*x - h = -2*x - 3*r, 5*r = x + 18. List the prime factors of x.
2
Let y be (-4 + 51)/(2/4). Let p = 160 - y. List the prime factors of p.
2, 3, 11
Suppose -1 - 11 = -2*b. Suppose -369 = -b*h + 585. List the prime factors of h.
3, 53
Let s = 1 + 5. Suppose -4*d + 20 = 0, -2*w - d = -s*d - 137. Suppose 2*m - 36 = -p, 2*p = -3*m + 8*m - w. List the prime factors of m.
17
Let x = -1208 + 1529. What are the prime factors of x?
3, 107
Suppose -o - 2*o - 2*l = -50, -5*o = -5*l - 100. Let j be (-3)/(-2) - o/4. List the prime factors of 12*j*(-22)/24.
3, 11
Let w(k) = -7*k**3 - 4*k**2 + 5*k + 4. Let f be w(3). List the prime factors of (-4)/12 - f/6.
2, 17
Let d(q) = 5*q + 0*q - 4 - 13*q + 6. Let j be d(-8). Suppose 0 = -2*a + 30 + j. What are the prime factors of a?
2, 3
Suppose 0*q = 5*q - 15. Suppose 274 = 4*x + x + 4*t, -q*t + 273 = 5*x. Let h = x - 22. What are the prime factors of h?
2
Let h = 7273 + -5152. List the prime factors of h.
3, 7, 101
Let x(a) be the second derivative of a**4/6 + 7*a**3/6 + 5*a. Let f be x(-6). Suppose 3*h - 5*h + f = 0. What are the prime factors of h?
3, 5
Suppose -4*y = -p + 32 + 16, 4*y + 3*p + 64 = 0. Let n = y - -25. List the prime factors of n.
2, 3
What are the prime factors of (-9172)/(-4) + (4 - (9 - 6))?
2, 31, 37
Let m be (-168)/16*8/(-14). What are the prime factors of 98 - ((-3)/(-9) + (-26)/m)?
2, 3, 17
Suppose 5*i + 1188 = -3*z + 5*z, -1188 = -2*z + i. What are the prime factors of z?
2, 3, 11
Let f(t) = -3 - 3*t**3 + 5*t**3 - 5 + 10*t**2 - t - t**3. Let v be f(-10). Let d = 4 - v. List the prime factors of d.
2
Let v be (3 + 3 + -2)*-1. Let n(y) = y**3 + 7*y**2 + 5*y - 1. List the prime factors of n(v).
3
Suppose 0 = -t + 5*r + 39, 5*t = 3*r + 2*r + 155. Suppose 5*p + 24 = -66. Let z = p + t. List the prime factors of z.
11
Suppose -2*y - 12 = -4*w, -7*w + y = -8*w + 3. Suppose c + w*a = 68 + 177, c + 2*a - 248 = 0. What are the prime factors of c?
2, 127
L